, 4*v - 109 = h. What is the remainder when v is divided by m?
8
Let z(x) = -4*x - 12. Let a be 3 + -7 + 1 + -2. What is the remainder when 21 is divided by z(a)?
5
Let m(r) = -r - 5. Let n(t) = t**3 + 16*t**2 + 14*t - 1. What is the remainder when n(-15) is divided by m(-9)?
2
Let l be 78/24*2*2. Suppose 20 = z + 4*w, l + 39 = 3*z + 4*w. Suppose 8*p = 3*p + 235. Calculate the remainder when p is divided by z.
15
Let s be ((-4)/6)/((-2)/3). Let o = s + 9. Let u = 34 + -6. What is the remainder when u is divided by o?
8
Suppose 7 = 4*m - 1. Suppose -5*x + 144 = m*t - 0*t, -4*x + 108 = -2*t. Let g(h) = 4*h - 9. Calculate the remainder when x is divided by g(6).
13
Let h = 1 + -13. Calculate the remainder when h/8*102/(-9) is divided by 6.
5
Suppose 3 + 7 = 5*u. Suppose -u*o + 90 = -0*o + 4*s, 4*o + 5*s = 186. Calculate the remainder when o is divided by 17.
15
Let s(b) = -2*b + 1. Calculate the remainder when 25 is divided by s(-6).
12
Let x = -24 - -42. What is the remainder when x is divided by (7/(-3))/(1/(-3))?
4
Calculate the remainder when (-1)/(((-4)/(-4))/(-24)) is divided by 16.
8
Suppose -4*z + 4*k = -44, z - 5*k - 18 = 13. What is the remainder when (-2)/(-7) + (160/28 - -4) is divided by z?
4
Let h = 3 + 1. Suppose h*b - 32 = j, 3*b + 2*j - 9 = 26. Calculate the remainder when 25 is divided by b.
7
Let t(c) = -3*c + 3. Let q(s) = s**2 + 4*s. Let f be q(-3). Calculate the remainder when 33 is divided by t(f).
9
Let c(s) = -7*s**3 + 3*s + 4. Let l be c(3). Let n be 1 + (1 - 2 - l). Suppose -5*t + n = -29. What is the remainder when t is divided by 14?
13
Let c = 100 + -80. What is the remainder when 198 is divided by c?
18
Suppose -32 = -3*n - 2. What is the remainder when 14 is divided by n?
4
Let i = 71 + -38. What is the remainder when i is divided by 18?
15
Let h be (-3 - (-4 + 3)) + 0. Calculate the remainder when (-1 - (-1 + -13)) + h is divided by 7.
4
Suppose 4*k - 4 = 2*k. Suppose -260 = -5*t + l - k*l, 0 = 2*t + 5*l - 127. What is the remainder when t is divided by 13?
12
Let o = 29 - -19. What is the remainder when 0/(-2*2) + o is divided by 17?
14
Suppose 2*r = -i + 45, -4*r + 0*r - 5*i + 81 = 0. Let f be ((-3)/(-2))/(3/r). Suppose b + b = f. Calculate the remainder when b is divided by 4.
2
Calculate the remainder when (33 - -15)*4/6 is divided by 17.
15
Let l be (1/(-2))/((-2)/8). Let t(o) = -14*o + 6. Let y(d) = -d + 1. Let a(k) = -t(k) + 3*y(k). Calculate the remainder when a(l) is divided by 7.
5
Let s = -38 + 58. Let m = -8 + 6. What is the remainder when s is divided by (-13)/(-2) + (-1)/m?
6
Let o(k) = 3*k - 13. Calculate the remainder when 54 is divided by o(9).
12
Let w(x) = 4*x**2 + 9*x + 7. Let l be w(-5). Let g = l - 20. What is the remainder when g is divided by 15?
12
Suppose 4*r - 68 = 2*k, -4*k + 13 + 38 = 3*r. Let x be (-66)/(-2) + -2 + 2. What is the remainder when x - (0 + 0)*1 is divided by r?
16
Let w(z) = 9*z**2 - z - 2. Let t be w(2). Suppose 3*n + 2*n + 10 = 0, 0 = 3*d - 4*n - t. Calculate the remainder when 23 is divided by d.
7
Suppose -8*s = -3*s - 225. What is the remainder when s is divided by ((-18)/7)/(3/(-14))?
9
Let c(o) = -3*o - 1. Let f(v) = -v**2 + 6*v - 2. Let h be f(6). Calculate the remainder when 12 is divided by c(h).
2
Suppose -48 = -4*c - 0*c. Let g = -13 + 50. Suppose -6*j - 5*h + 11 = -3*j, -h - g = -5*j. Calculate the remainder when c is divided by j.
5
Let p(d) = d - 1. Calculate the remainder when (4 - -24)*2/4 is divided by p(6).
4
Let v(m) = -m**2 + 9*m - 10. Let c be v(8). Let x(b) = b**2 + 3*b + 3. Let o be x(-3). Let y = o + c. Calculate the remainder when y is divided by 1.
0
Suppose 2*r - 6*r = -40. Calculate the remainder when 38 is divided by r.
8
Let o = -25 - -56. Calculate the remainder when o is divided by 17.
14
Let s = -12 - -33. What is the remainder when 36 is divided by s?
15
Let b = -21 - -62. Suppose 5*z - 106 = -b. What is the remainder when 25 is divided by z?
12
Suppose 3*z + 13 = 5*w - 4*w, -2*w - 3*z = -26. What is the remainder when 58 is divided by w?
6
Suppose 5*n - 5*i = 35, -4*n = -5*i - 7 - 26. Suppose 3*o - 64 = 32. Suppose 6*t - n*t - o = 0. What is the remainder when 14 is divided by t?
6
Let x(f) = 2*f. Let z be x(10). What is the remainder when 19 is divided by (6/4)/(6/z)?
4
Let w = -79 - -86. What is the remainder when w is divided by 6?
1
Let c(s) = s - 1. Let i be c(6). Let g(m) = m**3 - 4*m + 3. Let a be g(i). Suppose 10 = 2*z - a. Calculate the remainder when z is divided by 20.
19
Let o(w) = w**3 + 3*w**2 - w + 1. Let l = -12 - -24. Let c be l/20 - 36/10. Calculate the remainder when 5 is divided by o(c).
1
Let j(h) = 2*h + 2. Let c be j(0). Suppose -2*v = c*g - 5*g - 36, v + 5*g = 5. Suppose -84 = -4*k + k. What is the remainder when k is divided by v?
13
Let i(a) = a**2 + 4*a - 5. Suppose -2*v = -2*q + 8, -3*q = v + 15 - 3. Calculate the remainder when ((-20)/6)/(1/v) is divided by i(-6).
6
Let a(t) = t**3 - 11*t**2 - t + 13. Let r be a(11). Let z = r + -2. Suppose 2*d = -z*d + 26. Calculate the remainder when 24 is divided by d.
11
Suppose -2*g + h = 3, 0 = -5*g + 4*h - 7*h - 35. Let u be 285/20 + 1/g. Suppose 1 = 5*c - u. Calculate the remainder when c is divided by 1.
0
Let z = 8 - -7. What is the remainder when 59 is divided by z?
14
Let q(m) = 37*m**2 - m. Let w be q(-1). Suppose -5*r + w = 13. Let p = 5 + -3. Calculate the remainder when r is divided by p.
1
Suppose -10 = -3*z + o, 5*o + 2 = 3*z - 0*z. Suppose -81 + 33 = -8*g. Calculate the remainder when g is divided by z.
2
Let r = -29 - -49. What is the remainder when 77 is divided by r?
17
Suppose -44 = -5*u + u. Calculate the remainder when 20 is divided by u.
9
Let z = -39 + 67. Calculate the remainder when z is divided by 15.
13
Let v(g) = -4*g + 6. Let x be v(4). What is the remainder when 11 is divided by x/(-15) + 16/3?
5
Let j = -5 + 7. Let m = -6 - -11. What is the remainder when m is divided by j?
1
Let p = 17 + -12. Let a(t) be the second derivative of t**4/12 - t**3/3 + 13*t**2/2 + 4*t. Calculate the remainder when a(0) is divided by p.
3
Let a = 10 + -2. Suppose t = 2*t - a. What is the remainder when t is divided by 3?
2
Suppose k - 10 = t, 47 = -5*t - k - 3. Let z be 6/27 - 14/(-18). What is the remainder when 29 is divided by ((-2)/2)/(z/t)?
9
Suppose 0 = -2*l - 64 + 4. Let q = 47 + l. What is the remainder when q is divided by 10?
7
Let v = 40 + -32. Calculate the remainder when 26 is divided by v.
2
Suppose -3*w + 329 = 4*v, -5*v - 89 = 4*w - 501. Calculate the remainder when v is divided by 21.
17
Suppose 22 = 2*h - 3*d - 3, d = -3*h + 21. Calculate the remainder when 15 is divided by h.
7
What is the remainder when 12 is divided by ((-30)/(-9))/(2/3)?
2
Suppose 2*k = 4*k + 64. Let r = -7 - k. Let j = r + -11. What is the remainder when 53 is divided by j?
11
Let p(j) = -14*j - 17. What is the remainder when p(-4) is divided by 14?
11
Suppose 0 = -2*o + o + 25. Suppose -1 = u + 2*a, -3*u = -a - a - 13. Suppose r - 20 = 2*y, 2*y + 11 = r + u*y. Calculate the remainder when o is divided by r.
11
Suppose -p + 5*p - 172 = 0. Calculate the remainder when p is divided by 23.
20
Let m = 47 + -19. What is the remainder when 108 is divided by m?
24
Let g(h) = -h - 1. Let r(i) = i**3 + 8*i**2 - 11*i - 12. Calculate the remainder when r(-9) is divided by g(-5).
2
Let h(s) = -5*s - 2. Calculate the remainder when 6 is divided by h(-1).
0
Suppose t = 5*t - 36. What is the remainder when t is divided by 3?
0
Let z(x) = -x**3 + 6*x**2 + x + 3. What is the remainder when 96 is divided by z(3)?
30
Suppose 4*f = 12 + 4. Suppose f*x - 68 = -8. Suppose 176 = q + 3*q. Calculate the remainder when q is divided by x.
14
Let j = -58 - -88. Suppose r + 2*v + j = 5*r, -5*r + 42 = 2*v. Suppose u + r = 3*u. Calculate the remainder when 13 is divided by u.
1
What is the remainder when (-15)/20 + 334/8 is divided by 14?
13
Calculate the remainder when 37 is divided by 3/(-3 + 0)*-10.
7
Suppose 4*p - 29 = 3*k, 2*k + 11 = 2*p - 3*k. Suppose -3*t - 5*i = 2*t, t - 4*i - 10 = 0. Suppose t*h - 3 = 7. What is the remainder when p is divided by h?
3
Suppose -7 + 23 = 4*k. Suppose -3 = k*f - 35. Calculate the remainder when f is divided by (-20)/(-6) - 12/36.
2
Let w(c) = -c**3 + 9*c**2 